 ((-8)/4 - t).
2, 13, 23
Suppose 12*c - 855386 = -278294. What are the prime factors of c?
48091
Let z(k) = -9*k - 5. Let g(t) = 17*t + 10. Let p(c) = -6*g(c) - 14*z(c). List the prime factors of p(0).
2, 5
Suppose -41279 - 28894 - 1215 = -12*y. What are the prime factors of y?
3, 661
Let j be 1*-6 - -1 - -4. Let l be -1 + 2 - (-2)/(2 + j). What are the prime factors of 39/(11 - 8 - (l - 1))?
3, 13
Let i = -14072 + 48272. What are the prime factors of i?
2, 3, 5, 19
Suppose 92*f = 99*f - 69629. What are the prime factors of f?
7, 29
Let w(h) = -2*h - 108. Let v be w(16). Let b = 601 - v. What are the prime factors of b?
3, 13, 19
Suppose -5*s - 5*b + 15 = 0, -19 = 5*b - 4. Suppose 12 = 2*j + s. Suppose -j*g + 9*g - 90 = 0. What are the prime factors of g?
3, 5
Suppose 40*k + 18314 = 516154. List the prime factors of k.
2, 7, 127
Let a(f) = 1173*f**2 - 116*f - 7. Let l be a(-3). Suppose -l - 16930 = -36*n. What are the prime factors of n?
773
Let y = -1041 + 1044. Suppose y*w = -2*o + 4951, -46*o = -45*o - 2. What are the prime factors of w?
17, 97
Let x = 118 + -113. Suppose -96 + 691 = x*g. List the prime factors of g.
7, 17
Let c = 263 + 288. Suppose 0 = -3*r - 2*p + c, -13 + 5 = 4*p. Suppose r = -4*b + 477. List the prime factors of b.
73
Let n(c) = -173*c + 548. List the prime factors of n(-44).
2, 3, 5, 17
Let p = 72214 - 39378. List the prime factors of p.
2, 8209
Suppose 2*o - 4*l + 5*l - 37 = 0, -5*o - 2*l + 94 = 0. List the prime factors of 18/5*2150/o - -1.
2, 97
Suppose 15*k - 3652668 = -88*k - 21*k. What are the prime factors of k?
3, 1091
Suppose -3*h + 6*h = -5*v + 6415, 4*h = -5*v + 6415. Suppose 5*f + 278 - v = 0. List the prime factors of f.
3, 67
Let m(i) = -i**3 + 23*i**2 - 19*i - 29. Let h be m(22). Let p(v) = 18 + 4*v - 6 + 15*v + h. What are the prime factors of p(10)?
239
Let v = -258 - -253. Let w(g) = -2*g**3 + 2*g**2 - 4*g - 9. What are the prime factors of w(v)?
311
Suppose 10*x + 11 = -29. Let a be (x/(-10))/(9/225). Suppose a*l - 477 - 1283 = 0. What are the prime factors of l?
2, 11
Suppose 27412 = 145*q + 10302. What are the prime factors of q?
2, 59
Suppose 6*h - 7*h + 82 = 0. Suppose h*p - 83*p + 64 = 0. Suppose -69 = -v - s, v = -0*s + 4*s + p. List the prime factors of v.
2, 17
List the prime factors of 2/((-32)/(-6)) - 2794667/(-376).
7433
Suppose 5*h = -45, -6407 = -5*z - 811*h + 814*h. List the prime factors of z.
2, 11, 29
Let v(n) = n + 16. Suppose 9*f = -52 + 241. Suppose -18*i + f = -17*i. List the prime factors of v(i).
37
Let p(s) = -1915*s - 352. List the prime factors of p(-4).
2, 3, 7, 29
Let o = 82355 + -51042. What are the prime factors of o?
173, 181
Let x be 0 - ((-6)/3)/(-6)*12. Let q be x*(-12)/8 + -4. Suppose q*f + 10 = 0, -3*b + 243 = -0*b - 3*f. List the prime factors of b.
2, 19
Let s be 13259/(-4) + 1 + (-20)/16. What are the prime factors of (((-36)/30)/(-2))/((-3)/s)?
3, 13, 17
Suppose -63*c + 1484529 + 390477 = 0. What are the prime factors of c?
2, 23, 647
What are the prime factors of 614/(-5833) - (-1439822)/19?
2, 3, 5, 421
Let p(o) = 8*o**2 + 1916. Let b be 40/(-8) + 5/1. List the prime factors of p(b).
2, 479
Let t = 29113 + -20594. List the prime factors of t.
7, 1217
Suppose 4*z - 2876 = -4*p, 2150 = 4*p - p + 4*z. List the prime factors of p.
2, 3, 11
Let p(a) = 69*a. Let s(c) = 208*c. Let l = 21 + -34. Let q(k) = l*p(k) + 4*s(k). List the prime factors of q(-1).
5, 13
Suppose -63*c + 59*c = 20. List the prime factors of (-5)/(c/261) + -3.
2, 3, 43
Suppose 0 = -2725*n + 2747*n - 1696464. What are the prime factors of n?
2, 3, 7, 17
Let o(f) = -2*f**3 + 12*f**2 + 854*f + 25. What are the prime factors of o(-27)?
7, 3583
Suppose -36 = -40*x + 484. List the prime factors of (1/(-1))/((52/(-3336))/x).
2, 3, 139
Let h(o) be the second derivative of 21*o**4/4 - 3*o**3/2 - 14*o**2 + 135*o. List the prime factors of h(-3).
2, 283
Let r = 28 + -24. Suppose 4*w = -3*a - 2*a - 3105, -r*w - 2*a = 3114. List the prime factors of (2 - (-9)/(-4))*(-8 + w).
197
Suppose q - 3 = 0, 3*j = -j - 3*q - 283. List the prime factors of -7 - (-6 + j*10).
3
Suppose 0 = x - 4*t - 517, -3*t - 1010 = -2*x - t. Let n = x + -256. What are the prime factors of n?
5, 7
Let u = 190031 + -120183. What are the prime factors of u?
2, 8731
Suppose 4*z = 3*z + 4, z - 204 = -4*o. Suppose j = -4*j + o. Suppose -j*h + 21*h = 2750. List the prime factors of h.
2, 5
Let j be (-1 + 0)/((-1)/4). Suppose -16*l + 20*l - 700 = 0. List the prime factors of l/j - (1 + (-20)/16).
2, 11
Suppose 4*b + 1520 - 5280 = 0. Suppose 5*t + 5*t = -b. Let u = -57 - t. What are the prime factors of u?
37
Suppose 0 = 2*u - 12 - 0. Let j(y) = -u*y**2 - 4*y**2 - 20 + 9*y**2 - 2*y + 3*y**2. What are the prime factors of j(8)?
2, 23
List the prime factors of 5418879/1908 + 2/(-24).
2, 5, 71
Suppose 16 = -4*d, 3*q - 6*q - 2*d = -16. What are the prime factors of (5 - (-61012)/42) + q/6?
1459
Let b(l) be the second derivative of -l**5/10 + 7*l**4/3 - 7*l**3/3 + 11*l**2 + 5*l. What are the prime factors of b(12)?
2, 5, 43
Suppose 5*u + 5*m + 49 = 9, -3*m - 48 = 5*u. What are the prime factors of 2426/8 + (3 - (-51)/u)?
2, 151
Let s = -14262 - -43827. What are the prime factors of s?
3, 5, 73
Suppose -48*m = -37*m + 70*m - 1324755. What are the prime factors of m?
5, 3271
Let f(u) = -3*u + 34. Suppose -2*b + 7 = -13. Let j be f(b). What are the prime factors of (3 + j + -1 + -1)*44?
2, 5, 11
Let m(v) be the third derivative of 0 + 0*v + 0*v**4 + 14*v**3 - 1/60*v**5 + 23*v**2. List the prime factors of m(0).
2, 3, 7
Suppose 0 = 4*m - 2 - 6. What are the prime factors of 65 - -287 - -1*m/2?
353
Let l(g) = 2*g**2 - 31*g - 14. Let v be l(16). Let f be (v*(-3)/(-4))/((-15)/(-20)). Suppose 2*s = 2*q + 24 + 16, 5*q - 47 = -f*s. List the prime factors of s.
3, 7
Suppose 146*x = -117*x + 4858136. List the prime factors of x.
2, 2309
Let q(g) = 100*g + 204. What are the prime factors of q(19)?
2, 263
Suppose 4*v = 4*d + 8, 3*v + 3*d - 10 = 20. Let i(a) = a**3 - a + 200. Let h be i(0). Suppose b = h + v. What are the prime factors of b?
2, 103
Suppose 3*z - 5*j + 110 = 0, 34 = 2*z - 3*z + 3*j. Let b = 35 + -21. List the prime factors of -126*(z/b - (-13 + 11)).
2, 3
Let z = 302 - 300. Suppose g + z*y - 605 = 6*y, 0 = -2*y + 6. What are the prime factors of g?
617
Let g be 5/30 - 22/(-12)*1. Suppose -1868 = -g*q + 4*p, -5*p = -18 - 7. What are the prime factors of q?
2, 59
Let l(n) = -n**3 + 10*n**2 - 15*n - 5. Let o be l(8). List the prime factors of (165/25)/(o/150).
2, 3, 5, 11
Suppose -f + 122 = -4*g, 2*f - 34 = -g + 2*g. What are the prime factors of (-5)/g - (-5)/((-120)/(-2372))?
3, 11
Suppose -5*u = 6*u + 4455. Let p = u + 689. List the prime factors of p.
2, 71
Suppose -2*o + 6 = 28. Let b = -136 - o. Let v = b + 215. List the prime factors of v.
2, 3, 5
What are the prime factors of 17/((-85)/50) - (5 + -41556)?
3, 61, 227
Let w(u) = 3*u**3 - 60*u**2 + 369*u + 77. List the prime factors of w(35).
7, 37, 263
Let s(m) = -7*m**2 + 38*m + 14. Let i(z) = z**2 + z - 1. Let b(j) = 5*i(j) + s(j). What are the prime factors of b(21)?
2, 3, 5
Let c = -13616 + 23727. What are the prime factors of c?
10111
Suppose 234 + 261 = 33*a. Suppose a = 5*w, 27*y - 24*y + 4*w - 765 = 0. What are the prime factors of y?
251
What are the prime factors of ((-193090)/(-50))/(-3 + (27/(-15) - -5))?
19309
Let s = -31 - -31. Suppose q - 7 - 5 = 5*k, s = -2*q + 4*k + 12. Suppose f = -c + 86, -c - c - q = 0. List the prime factors of f.
3, 29
Suppose -27*b = -31*b + 12036. What are the prime factors of b?
3, 17, 59
Let v = 1796 + -1074. Suppose a - q = 2*a - v, -3592 = -5*a + 4*q. List the prime factors of a.
2, 3, 5
Suppose 48904 = 17*y + 2103. What are the prime factors of y?
2753
Suppose 95 = 4*u - 161. Suppose 62*k = u*k - 10. Suppose 882 = 4*l + k*c, 2*c + 711 + 157 = 4*l. List the prime factors of l.
2, 109
Let w(j) = 38*j - 965. What are the prime factors of w(48)?
859
Suppose -5*w + 51*z = 56*z - 15085, 0 = 5*w - 4*z - 15040. What are the prime factors of w?
2, 3, 251
Suppose 64*v - 1146834 = 114*v - 76*v. List the prime factors of v.
3, 13, 29
Let n be (-3)/(20/8 - 1). Let y(l) = 19*l**3 + l**2 - 3. Let i be y(n). Let m = i - -265. What are the prime factors of m?
2,